{"id":381,"date":"2016-10-25T11:33:52","date_gmt":"2016-10-25T09:33:52","guid":{"rendered":"http:\/\/www.michael-reimann.ch\/gosh\/?page_id=381"},"modified":"2023-01-11T15:48:42","modified_gmt":"2023-01-11T14:48:42","slug":"ueber","status":"publish","type":"page","link":"https:\/\/www.michael-reimann.ch\/gosh\/ueber\/","title":{"rendered":"\u00dcber uns"},"content":{"rendered":"<p>Gosh. Schlagertrashcountrybeatpunk. Rock\u2019n\u2019Roll!<\/p>\n<p>Endlich sind sie da. 4 Helden vom Bodensee. Gute alte Konstanzer Schule. Covern war gestern. Eigene St\u00fccke, eigener Sound. Intelligente Texte und Ohrwurm-Refrains zum Instant-Mitsingen. Musik f\u00fcr Kopf, Bauch und Beine.<\/p>\n<p>Gosh gibt es seit Anfang 2015. Aus dem Covern von Songs von Johnny Cash bis Depeche Mode entwickelte sich schnell ein eigener Stil zwischen Sixties-Beat, Country, Punk und Garage, manchmal gekr\u00f6nt von Schlageranleihen. Heute spielt Gosh fast ausschlie\u00dflich eigene Songs mit deutschen Texten.<\/p>\n<p>Inhaltlich geht es um die ganz gro\u00dfen Themen, vor allem um die Liebe, von der Erinnerung an die erste gro\u00dfe Liebe (\u201eUrsula\u201c) \u00fcber die gro\u00dfe Liebeserkl\u00e4rung (\u201eWegen Dir\u201c) bis hin zur Abfuhr (\u201eIch lieb\u2018 Dich nicht\u201c), aber auch um Jugend und Aufbruch (\u201eJung und sch\u00f6n\u201c, \u201eWir gehen auf gro\u00dfe Fahrt\u201c), oder auch mal um wichtige k\u00f6rperliche Bed\u00fcrfnisse (\u201eBekomme ich bitte mal ein Bier?\u201c).<\/p>\n<p>Witzig und selbstironisch, nie verschl\u00fcsselt oder verkopft, sondern direkt verst\u00e4ndlich, weil aus dem Leben gegriffen\u2026 Gosh, da wosch wa\u2019d hosch!<\/p>\n<h4>Line-up:<\/h4>\n<p>Orri Reimann, Gitarre &amp; Gesang<\/p>\n<p>Martin Lambek, Gitarre &amp; Gesang<\/p>\n<p>Werner Dietrich, Schlagzeug<\/p>\n<p>Simon Lehmann, Bass &amp; Gesang<\/p>\n<h4>Kontakt und Booking:<\/h4>\n<p><a href=\"mailto:band@gosh.rocks\">band@gosh.rocks<\/a><\/p>\n","protected":false},"excerpt":{"rendered":"<p>Gosh. Schlagertrashcountrybeatpunk. Rock\u2019n\u2019Roll! Endlich sind sie da. 4 Helden vom Bodensee. Gute alte Konstanzer Schule. Covern war gestern. Eigene St\u00fccke, eigener Sound. Intelligente Texte und Ohrwurm-Refrains zum Instant-Mitsingen. Musik f\u00fcr Kopf, Bauch und Beine. Gosh gibt es seit Anfang 2015. Aus dem Covern von Songs von Johnny Cash bis Depeche Mode entwickelte sich schnell ein &hellip; <\/p>\n<p class=\"link-more\"><a href=\"https:\/\/www.michael-reimann.ch\/gosh\/ueber\/\" class=\"more-link\"><span class=\"screen-reader-text\">\u201e\u00dcber uns\u201c<\/span> weiterlesen<\/a><\/p>\n","protected":false},"author":1,"featured_media":0,"parent":0,"menu_order":0,"comment_status":"closed","ping_status":"closed","template":"","meta":{"ngg_post_thumbnail":0},"_links":{"self":[{"href":"https:\/\/www.michael-reimann.ch\/gosh\/wp-json\/wp\/v2\/pages\/381"}],"collection":[{"href":"https:\/\/www.michael-reimann.ch\/gosh\/wp-json\/wp\/v2\/pages"}],"about":[{"href":"https:\/\/www.michael-reimann.ch\/gosh\/wp-json\/wp\/v2\/types\/page"}],"author":[{"embeddable":true,"href":"https:\/\/www.michael-reimann.ch\/gosh\/wp-json\/wp\/v2\/users\/1"}],"replies":[{"embeddable":true,"href":"https:\/\/www.michael-reimann.ch\/gosh\/wp-json\/wp\/v2\/comments?post=381"}],"version-history":[{"count":10,"href":"https:\/\/www.michael-reimann.ch\/gosh\/wp-json\/wp\/v2\/pages\/381\/revisions"}],"predecessor-version":[{"id":813,"href":"https:\/\/www.michael-reimann.ch\/gosh\/wp-json\/wp\/v2\/pages\/381\/revisions\/813"}],"wp:attachment":[{"href":"https:\/\/www.michael-reimann.ch\/gosh\/wp-json\/wp\/v2\/media?parent=381"}],"curies":[{"name":"wp","href":"https:\/\/api.w.org\/{rel}","templated":true}]}}