{"id":315,"date":"2016-09-08T18:43:44","date_gmt":"2016-09-08T16:43:44","guid":{"rendered":"http:\/\/www.michael-reimann.ch\/gosh\/?page_id=315"},"modified":"2019-12-03T19:42:51","modified_gmt":"2019-12-03T18:42:51","slug":"live","status":"publish","type":"page","link":"https:\/\/www.michael-reimann.ch\/gosh\/live\/","title":{"rendered":"Gosh Live!"},"content":{"rendered":"\n<p> Bisher: <\/p>\n\n\n\n<p>Gosh No. 16 &#8211; 30.3.2019 &#8211; SPH-Bandcontest im Bokle, Radolfzell<\/p>\n\n\n\n<p>Gosh No. 15 &#8211; 22.9.2018 &#8211; Er\u00f6ffnung der Lena-Maurer-Platz-B\u00fchne, Sch\u00f6nau, Mannheim<\/p>\n\n\n\n<p>Gosh No. 14 &#8211; 15.9.2018 &#8211; Kantinale, Konstanz<\/p>\n\n\n\n<p>Gosh No. 13 &#8211; 21.7.2018 &#8211; Proberaum T\u00e4gerwilen<\/p>\n\n\n\n<p>Gosh No. 12 &#8211; 10.11.17 &#8211; Wohnzimmer, K9 Konstanz<\/p>\n\n\n\n<p>Gosh No. 11 &#8211; 14.10.17 &#8211; Schurkenkeller, Berlin<\/p>\n\n\n\n<p>Gosh No.10 &#8211; 20.5.2017 &#8211; <a href=\"https:\/\/www.facebook.com\/Last-Resort-158790172857\/?rf=108578305891043\">Last resort<\/a>, T\u00fcbingen<\/p>\n\n\n\n<p>Gosh No.9 &#8211; 29.4.2017 &#8211; Caf\u00e9 Zeitlos, Radolfzell<\/p>\n\n\n\n<p>Gosh No.8 &#8211; 25.3.2017 &#8211; &#8216;Open See&#8217; Wettbewerb, <a href=\"http:\/\/www.kulturladen.de\/\">Kulturladen Konstanz<\/a><\/p>\n\n\n\n<p>Gosh No.7 &#8211; 24.11.2016 &#8211; <a href=\"http:\/\/www.kolbenfresser-konstanz.de\">Kolbenfresser, Konstanz<\/a><\/p>\n\n\n\n<p>Gosh No.6 &#8211; 22.10.2016 &#8211; Last resort, T\u00fcbingen<\/p>\n\n\n\n<figure><iframe loading=\"lazy\" src=\"https:\/\/www.youtube.com\/embed\/Gkhmh96RxIo\" allowfullscreen=\"allowfullscreen\" width=\"640\" height=\"360\" frameborder=\"0\"><\/iframe><\/figure>\n\n\n\n<p>Gosh No.5 &#8211; 10.9.2016 &#8211; Kanuclub, Konstanz<\/p>\n\n\n\n<figure><iframe loading=\"lazy\" src=\"https:\/\/www.youtube.com\/embed\/ISkIZfyASgo\" allowfullscreen=\"allowfullscreen\" width=\"640\" height=\"360\" frameborder=\"0\"><\/iframe><\/figure>\n\n\n\n<p>Gosh No.4. &#8211; 3.9.2016 &#8211; Hannas Gro\u00dfe Geburtstagssause, Haus Annaberg, Bonn<\/p>\n\n\n\n<p>Gosh No.3 &#8211; 6.8.2016 &#8211; Chrisse&#8217;s Garten, Bad Waldsee<\/p>\n\n\n\n<figure><iframe loading=\"lazy\" src=\"https:\/\/www.youtube.com\/embed\/_JA4bVquIdQ\" allowfullscreen=\"allowfullscreen\" width=\"640\" height=\"360\" frameborder=\"0\"><\/iframe><\/figure>\n\n\n\n<p>Gosh No.2 &#8211; 30.1.2016 &#8211; Orris &#8220;50 Jahre und kein bisschen leise&#8221;-Geburtstagsparty, Faxbar, Kreuzlingen<\/p>\n\n\n\n<p>Gosh No.1 &#8211; 6.6.2015 &#8211; Proberaumparty, T\u00e4gerwilen<\/p>\n\n\n\n<figure class=\"wp-block-image\"><a href=\"https:\/\/www.michael-reimann.ch\/gosh\/wp-content\/uploads\/2015\/06\/gosh-0006-e1433778906801.jpg\"><img decoding=\"async\" loading=\"lazy\" width=\"300\" height=\"212\" src=\"https:\/\/www.michael-reimann.ch\/gosh\/wp-content\/uploads\/2015\/06\/gosh-0006-300x212.jpg\" alt=\"gosh-0006\" class=\"wp-image-4\" srcset=\"https:\/\/www.michael-reimann.ch\/gosh\/wp-content\/uploads\/2015\/06\/gosh-0006-300x212.jpg 300w, https:\/\/www.michael-reimann.ch\/gosh\/wp-content\/uploads\/2015\/06\/gosh-0006-1024x724.jpg 1024w\" sizes=\"(max-width: 300px) 100vw, 300px\" \/><\/a><\/figure>\n\n\n<!--[if lt IE 9]><script>document.createElement('video');<\/script><![endif]-->\n\t<div class=\"wp-playlist wp-video-playlist wp-playlist-light\">\n\t\t<video controls=\"controls\" preload=\"none\" width=\"618\"\n\t\t height=\"348\"\t><\/video>\n\t<div class=\"wp-playlist-next\"><\/div>\n\t<div class=\"wp-playlist-prev\"><\/div>\n\t<noscript>\n\t<ol>\n\t\t<li><a href='https:\/\/www.michael-reimann.ch\/gosh\/wp-content\/uploads\/2015\/06\/Brand-new-cadillac.mp4'>Brand new Cadillac<\/a><\/li><li><a href='https:\/\/www.michael-reimann.ch\/gosh\/wp-content\/uploads\/2015\/06\/Blasphemous-rumours.mp4'>Blasphemous rumours<\/a><\/li><li><a href='https:\/\/www.michael-reimann.ch\/gosh\/wp-content\/uploads\/2015\/06\/Wrong.mp4'>Wrong<\/a><\/li>\t<\/ol>\n\t<\/noscript>\n\t<script type=\"application\/json\" class=\"wp-playlist-script\">{\"type\":\"video\",\"tracklist\":true,\"tracknumbers\":true,\"images\":true,\"artists\":true,\"tracks\":[{\"src\":\"https:\\\/\\\/www.michael-reimann.ch\\\/gosh\\\/wp-content\\\/uploads\\\/2015\\\/06\\\/Brand-new-cadillac.mp4\",\"type\":\"video\\\/mp4\",\"title\":\"Brand new Cadillac\",\"caption\":\"\",\"description\":\"\",\"meta\":{\"length_formatted\":\"1:57\"},\"dimensions\":{\"original\":{\"width\":1280,\"height\":720},\"resized\":{\"width\":618,\"height\":348}},\"image\":{\"src\":\"https:\\\/\\\/www.michael-reimann.ch\\\/gosh\\\/wp-includes\\\/images\\\/media\\\/video.png\",\"width\":48,\"height\":64},\"thumb\":{\"src\":\"https:\\\/\\\/www.michael-reimann.ch\\\/gosh\\\/wp-includes\\\/images\\\/media\\\/video.png\",\"width\":48,\"height\":64}},{\"src\":\"https:\\\/\\\/www.michael-reimann.ch\\\/gosh\\\/wp-content\\\/uploads\\\/2015\\\/06\\\/Blasphemous-rumours.mp4\",\"type\":\"video\\\/mp4\",\"title\":\"Blasphemous rumours\",\"caption\":\"\",\"description\":\"\",\"meta\":{\"length_formatted\":\"1:10\"},\"dimensions\":{\"original\":{\"width\":1280,\"height\":720},\"resized\":{\"width\":618,\"height\":348}},\"image\":{\"src\":\"https:\\\/\\\/www.michael-reimann.ch\\\/gosh\\\/wp-includes\\\/images\\\/media\\\/video.png\",\"width\":48,\"height\":64},\"thumb\":{\"src\":\"https:\\\/\\\/www.michael-reimann.ch\\\/gosh\\\/wp-includes\\\/images\\\/media\\\/video.png\",\"width\":48,\"height\":64}},{\"src\":\"https:\\\/\\\/www.michael-reimann.ch\\\/gosh\\\/wp-content\\\/uploads\\\/2015\\\/06\\\/Wrong.mp4\",\"type\":\"video\\\/mp4\",\"title\":\"Wrong\",\"caption\":\"\",\"description\":\"\",\"meta\":{\"length_formatted\":\"1:00\"},\"dimensions\":{\"original\":{\"width\":1280,\"height\":720},\"resized\":{\"width\":618,\"height\":348}},\"image\":{\"src\":\"https:\\\/\\\/www.michael-reimann.ch\\\/gosh\\\/wp-includes\\\/images\\\/media\\\/video.png\",\"width\":48,\"height\":64},\"thumb\":{\"src\":\"https:\\\/\\\/www.michael-reimann.ch\\\/gosh\\\/wp-includes\\\/images\\\/media\\\/video.png\",\"width\":48,\"height\":64}}]}<\/script>\n<\/div>\n\t\n\n\n\n<h3>Videos von Gosh No.1<\/h3>\n","protected":false},"excerpt":{"rendered":"<p>Bisher: Gosh No. 16 &#8211; 30.3.2019 &#8211; SPH-Bandcontest im Bokle, Radolfzell Gosh No. 15 &#8211; 22.9.2018 &#8211; Er\u00f6ffnung der Lena-Maurer-Platz-B\u00fchne, Sch\u00f6nau, Mannheim Gosh No. 14 &#8211; 15.9.2018 &#8211; Kantinale, Konstanz Gosh No. 13 &#8211; 21.7.2018 &#8211; Proberaum T\u00e4gerwilen Gosh No. 12 &#8211; 10.11.17 &#8211; Wohnzimmer, K9 Konstanz Gosh No. 11 &#8211; 14.10.17 &#8211; Schurkenkeller, Berlin &hellip; <\/p>\n<p class=\"link-more\"><a href=\"https:\/\/www.michael-reimann.ch\/gosh\/live\/\" class=\"more-link\"><span class=\"screen-reader-text\">\u201eGosh Live!\u201c<\/span> weiterlesen<\/a><\/p>\n","protected":false},"author":1,"featured_media":0,"parent":0,"menu_order":0,"comment_status":"closed","ping_status":"closed","template":"","meta":{"ngg_post_thumbnail":0},"_links":{"self":[{"href":"https:\/\/www.michael-reimann.ch\/gosh\/wp-json\/wp\/v2\/pages\/315"}],"collection":[{"href":"https:\/\/www.michael-reimann.ch\/gosh\/wp-json\/wp\/v2\/pages"}],"about":[{"href":"https:\/\/www.michael-reimann.ch\/gosh\/wp-json\/wp\/v2\/types\/page"}],"author":[{"embeddable":true,"href":"https:\/\/www.michael-reimann.ch\/gosh\/wp-json\/wp\/v2\/users\/1"}],"replies":[{"embeddable":true,"href":"https:\/\/www.michael-reimann.ch\/gosh\/wp-json\/wp\/v2\/comments?post=315"}],"version-history":[{"count":38,"href":"https:\/\/www.michael-reimann.ch\/gosh\/wp-json\/wp\/v2\/pages\/315\/revisions"}],"predecessor-version":[{"id":731,"href":"https:\/\/www.michael-reimann.ch\/gosh\/wp-json\/wp\/v2\/pages\/315\/revisions\/731"}],"wp:attachment":[{"href":"https:\/\/www.michael-reimann.ch\/gosh\/wp-json\/wp\/v2\/media?parent=315"}],"curies":[{"name":"wp","href":"https:\/\/api.w.org\/{rel}","templated":true}]}}